0) is divided by q?
27
Let r(x) = x**3 - 2*x**2 + 2*x + 7. Calculate the remainder when 65 is divided by r(3).
21
Suppose 5*i = -3*i + 104. Let k = i - -50. What is the remainder when k is divided by 16?
15
Let x(y) = -3*y - 10. Suppose 4*p - 5*q + 32 = 0, 4*p + 4 = 4*q - 28. Let h be x(p). Let u = 30 - h. Calculate the remainder when u is divided by 7.
2
Let t(n) = -4*n - 3. Let z be 16/(-64) + (-23)/4. Calculate the remainder when t(z) is divided by 8.
5
Suppose 4*j - 3*f = 569, 49 + 701 = 5*j + 4*f. Calculate the remainder when j is divided by 21.
20
Suppose 133*k = 137*k - 296. What is the remainder when k is divided by 37?
0
Suppose -5*j + 454 = 2*q - 639, -5*q + 2742 = 3*j. Let v = q - -1279. What is the remainder when (-4)/14 + v/28 is divided by 22?
21
Calculate the remainder when 5*(3 + (-3)/1 - -5) is divided by 14.
11
Let r(d) = -d**2 - 12*d - 15. Let y be r(-10). Suppose -y*m + 10*m = 105. What is the remainder when (-4 - (-9)/2)*82 is divided by m?
20
Let c = -85 - -154. Suppose 3*v - 56 = -2*f + 40, -2*v + c = 3*f. Suppose -2*y = -y - 11. Calculate the remainder when v is divided by y.
8
Let n = 20 + -22. Calculate the remainder when 77 is divided by 21 + -2 + (-3 - n) + -2.
13
Let h = 301 + 129. Calculate the remainder when h is divided by 27.
25
Let f be 4 + (-5914)/(-12) - 1/(-6). Suppose 2*n - 2*g = -0*g + 250, 4*n - 3*g - f = 0. Calculate the remainder when n is divided by 31.
29
Let m be -1*2 - ((-3)/(-1) - 19). Suppose 0 = 2*i - 3*l + 3, 0*l + 4*l - m = i. Calculate the remainder when i is divided by 1.
0
Let b = -135 + 247. What is the remainder when b is divided by 30?
22
Suppose -7*g + 89 = -163. Let f(t) = -28*t - 7. Calculate the remainder when f(-4) is divided by g.
33
Let v(k) = -4*k + 4 - 2 - 13 + k. What is the remainder when 46 is divided by v(-9)?
14
Let h(v) = -v + 26. Let p be h(-12). Let g = -33 + p. Calculate the remainder when 16 is divided by g.
1
Let z = -32 + 44. Let m(v) be the first derivative of -v**4/4 + 11*v**3/3 + 11*v**2/2 + 14*v + 1. Calculate the remainder when 7 is divided by m(z).
1
Suppose 2*x - 8 - 24 = 0. Suppose -3*y - 144 = -3*a, 0 = a - 0*y - 5*y - 60. Calculate the remainder when a is divided by x.
13
Suppose 10 = -a - 2. Let s = 18 + a. Suppose -4 - s = 2*h, -3*h = -4*v + 59. Calculate the remainder when v is divided by 7.
4
What is the remainder when 33 is divided by 432/32 + -1*2/4?
7
Suppose -2*p + 0*p = 8. Let w(a) = -283*a + 2 + 0 - 276*a + 549*a. Calculate the remainder when w(p) is divided by 11.
9
Let f = -130 + 393. Calculate the remainder when f is divided by 38.
35
Let f = -162 - -174. Calculate the remainder when 22 is divided by f.
10
Suppose 4*k + 5*f = 748, 3*k = -k + f + 724. What is the remainder when k is divided by 37?
34
Suppose 11*k - 5*k - 96 = 0. Suppose -4*s + u = -125, 3 = -3*u - 0. What is the remainder when s is divided by k?
15
Let s(u) = 9*u + 24. What is the remainder when (1704/30)/2 + 6/10 is divided by s(-2)?
5
Suppose 12*p = -0*p + 240. What is the remainder when p is divided by 2?
0
Suppose v - 2*i - 29 = 0, 0*i - 5*i + 160 = 5*v. What is the remainder when 84 is divided by v?
22
Let x(m) be the third derivative of -1/8*m**4 - 14*m**2 + 3/2*m**3 + 0*m + 0. Calculate the remainder when x(-14) is divided by 26.
25
Let t(n) = n**3 - n**2 + 2*n - 4. Let l be t(2). Let r = 1 + l. Suppose -4 = 2*j, 0 = r*x + 3*j - j - 56. What is the remainder when 46 is divided by x?
10
Let k(p) = -24*p + 20. Let y(o) = 25*o - 18. Let u(s) = -3*k(s) - 2*y(s). What is the remainder when 99 is divided by u(2)?
19
Let x = -678 + 735. Calculate the remainder when x is divided by 11.
2
Let j(g) = -g**2 + 6*g + 66. Calculate the remainder when 812 is divided by j(-5).
9
Let x = -42 + 43. Suppose -9 + 3 = -3*s. What is the remainder when s is divided by x?
0
Suppose 0 = m + 2*v - 345, 3*v = 3*m - 391 - 599. What is the remainder when m is divided by 17?
12
Suppose -5*n + 1208 - 44 = 4*p, 3*n = 5*p + 728. What is the remainder when n is divided by 126?
110
Let u(l) = -2*l + 15. Let q be u(7). Let p(z) = -3 + q + 177*z - 176*z. What is the remainder when 15 is divided by p(10)?
7
Let y be ((-18)/(-4))/((-3)/(-68)). Suppose -5*j + y = -2*o, -115 = -5*j + 3*o - 17. Suppose -4*w = -40 - 132. What is the remainder when w is divided by j?
21
Suppose -8 = -4*x, -4*d + 2*x - 3*x + 550 = 0. What is the remainder when d is divided by 28?
25
Let l be 6/((-36)/27 + 1/3). Let j(r) = -r + 1. Calculate the remainder when -2 + 25 - 6/(-3) is divided by j(l).
4
Suppose 0 = 136*b - 139*b + 84. What is the remainder when 470 is divided by b?
22
Let k(m) = -4*m**2 + 43*m - 21. Calculate the remainder when 71 is divided by k(10).
8
Let c(l) be the first derivative of -l**2/2 + l - 3. What is the remainder when 44 is divided by c(-8)?
8
Suppose 6*q + 53 = 173. Calculate the remainder when 29/(-1 - 3/(-2)) is divided by q.
18
Suppose -22 = 5*l - 87. Let a(y) = -y**2 + 12*y + 38. Calculate the remainder when 46 is divided by a(l).
21
Suppose -3*y = -341 + 11. Suppose -v + 29 = -4*h, -4*h = v + 78 - 123. What is the remainder when y is divided by v?
36
Suppose -6 = -5*i + 9. Suppose 5*r - 2*h - 270 = -41, -i*r + 5*h = -145. Let c = r - 27. What is the remainder when 33 is divided by c?
15
Suppose 0 = -7*a - a + 456. Suppose 161 = 8*u + a. Let i = 161 - 114. What is the remainder when i is divided by u?
8
Suppose 0 = -4*g - 2*w + 52, 3*w - 24 - 6 = -2*g. What is the remainder when g is divided by (-5)/(15/(-12)) - -5?
3
Let t(n) = 3*n + 52. Calculate the remainder when 61 is divided by t(0).
9
What is the remainder when 333 is divided by (8/(-6) + 1)*-126?
39
Suppose -2*o + 1 = h + 3*o, -h - 4*o + 6 = 0. Let v(a) = -a**2 + 17*a + 3. Suppose -10*y - 56 = -17*y. What is the remainder when v(y) is divided by h?
23
Let t = 39 - -9. What is the remainder when t is divided by 13?
9
Let h(x) = 2*x**2 + 3. Let y be h(0). Let o(g) = g**2 - 5*g + 2. Let m be o(y). What is the remainder when m*3/6 - -20 is divided by 10?
8
Suppose 51 = 5*t + 5*s - 2*s, 5*s = t + 1. Calculate the remainder when 18 is divided by (-75)/(-9) + 1 + 6/t.
8
Let x(u) = -6 + 9*u - 6*u**2 - 4*u - 7*u + u**3 - 7*u. Calculate the remainder when 95 is divided by x(8).
45
Let o = 54 - 49. Suppose 4*k + 24 = o*k. Calculate the remainder when k is divided by (-25)/(-3) - (-4)/6.
6
Let f be (9 + -1)/((-14)/(-42)). Suppose 4*s = 50 - 2. Suppose 3*o + 5*h = 2*h + f, 0 = -3*h - s. Calculate the remainder when 83 is divided by o.
11
Suppose -3*s = c - 4, -s + 4 = -4*c + 3*c. Suppose -y + 8 = y. Suppose 0 = 4*g, 2*z + y*g - 4 = 4. What is the remainder when z is divided by s?
0
Suppose 12 = -4*g, 2*y = y - 2*g + 124. What is the remainder when y is divided by 30?
10
Suppose 5*p = 25, a + 4*p + 3 - 28 = 0. Suppose -12 = -a*g + 4*g - 5*x, -11 = -g - 4*x. Calculate the remainder when 39 is divided by g.
4
Let d(l) = l**2 + 11*l + 1. Suppose 3*f - 3*p = -21 + 72, 0 = 5*f + 4*p - 130. Calculate the remainder when d(-14) is divided by f.
21
Suppose 44 - 17 = 3*l. Suppose 0 = 5*k - l*k - 440. Calculate the remainder when 43 is divided by ((-18)/4)/(33/k).
13
Suppose 4*j = 2*j + 16. Let m(p) = -3*p - 1. Let d be m(-1). Let n = 13 + d. Calculate the remainder when n is divided by j.
7
Let j be (1/(-1) - -1)/(5/5). Suppose -3*l + 90 = -j*l. What is the remainder when 88 is divided by l?
28
Suppose 5*p - 1369 = -2*c + 47, 0 = 4*p - 16. Calculate the remainder when c is divided by 14.
12
Let y(o) = -2*o + 3. Let n = -23 + 22. Let m(u) = -u**2 + u - 1. Let x(v) = n*m(v) - y(v). Calculate the remainder when x(2) is divided by 2.
0
Suppose 36 = 2*f - 3*n, -6*n = -2*n - 16. Calculate the remainder when 45 is divided by f.
21
Suppose 0 = -5*j - 50 - 45. Let t = -17 - j. What is the remainder when ((-18)/27)/(2/(-6)) is divided by t?
0
Suppose -p = -1 - 1, -3*i + 4*p = 134. Let m = i + 61. Suppose r = -2*v + 2*r + 153, 2*v - 4*r - 168 = 0. What is the remainder when v is divided by m?
17
Suppose y + 9 = 21. Calculate the remainder when 82 is divided by y.
10
Suppose -37*c + 40*c - 3*d = 537, -5*c + d + 907 = 0. Calculate the remainder when c is divided by 46.
44
Calculate the remainder when 3 + -1 + (-76)/(-10)*5 is divided by 15.
10
Suppose -3*k + o - 1 = -3, -5*k - 